{"id":30,"date":"2013-08-13T11:16:01","date_gmt":"2013-08-13T11:16:01","guid":{"rendered":"http:\/\/localhost\/wordpress\/?page_id=30"},"modified":"2026-04-30T14:14:26","modified_gmt":"2026-04-30T12:14:26","slug":"praxis-schwerpunkte","status":"publish","type":"page","link":"https:\/\/www.praxis-ahmels-neitzke.de\/?page_id=30","title":{"rendered":"Info"},"content":{"rendered":"<p><img loading=\"lazy\" class=\"alignnone wp-image-374 size-full\" src=\"http:\/\/www.insomnia-film.com\/server\/m-28\/wordpress\/wp-content\/uploads\/2013\/08\/Aktuelles1.jpg\" alt=\"\" width=\"1000\" height=\"400\" srcset=\"https:\/\/www.praxis-ahmels-neitzke.de\/wp-content\/uploads\/2013\/08\/Aktuelles1.jpg 1000w, https:\/\/www.praxis-ahmels-neitzke.de\/wp-content\/uploads\/2013\/08\/Aktuelles1-300x120.jpg 300w, https:\/\/www.praxis-ahmels-neitzke.de\/wp-content\/uploads\/2013\/08\/Aktuelles1-624x249.jpg 624w\" sizes=\"(max-width: 1000px) 100vw, 1000px\" \/><\/p>\n<h2><span style=\"color: #000000;\">Wir bilden aus. Mit Erfolg.<\/span><\/h2>\n<p>Wir sind stolz auf unsere Auszubildenden. In unserer Praxis legen wir viel Wert auf eine gute Ausbildung.<\/p>\n<p>Die Zahn\u00e4rztekammer Niedersachsen hat uns jetzt wieder mit einer Urkunde gratuliert.(PDF Urkunde)<\/p>\n<h2>Wir unterst\u00fctzen:<\/h2>\n<p><a href=\"http:\/\/stiftung-hdz.de\" target=\"_blank\" rel=\"noopener\">Stiftung Hilfswerk Deutscher Zahn\u00e4rzte<\/a><\/p>\n<p>Mit Altgold Gutes tun:<br \/>\nSpenden Sie f\u00fcr Zahngesundheit bei den \u00c4rmsten.\u00a0Wir sind Partner der Stiftung Hilfswerk Deutsche Zahn\u00e4rzte und leiten auf Wunsch Ihr Zahngold weiter. Hier finden Sie alle Infos:<\/p>\n<p><a href=\"http:\/\/www.stiftung-hdz.de\/spendeninformation\/altgold-zahnersatz\/\" target=\"_blank\" rel=\"noopener\">http:\/\/www.stiftung-hdz.de\/spendeninformation\/altgold-zahnersatz\/<\/a><\/p>\n<p><a href=\"http:\/\/aerzte-ohne-grenzen.de\/\" target=\"_blank\" rel=\"noopener\">\u00c4rzte ohne Grenzen<\/a><\/p>\n<p><img loading=\"lazy\" class=\"alignnone wp-image-610 size-full\" src=\"https:\/\/www.praxis-ahmels-neitzke.de\/wp-content\/uploads\/2013\/08\/image0011.gif\" alt=\"\" width=\"200\" height=\"51\" \/><\/p>\n<p><a href=\"http:\/\/www.amnesty.de\/\" target=\"_blank\" rel=\"noopener\">Amnesty International<\/a><\/p>\n<p><img loading=\"lazy\" class=\"alignnone wp-image-611 size-full\" src=\"https:\/\/www.praxis-ahmels-neitzke.de\/wp-content\/uploads\/2013\/08\/Amnesty_logo_2008.svg_-e1417008226824.png\" alt=\"Amnesty_logo_2008.svg\" width=\"200\" height=\"74\" \/><\/p>\n<p><a href=\"http:\/\/greenpeace.de\" target=\"_blank\" rel=\"noopener\">green geace<\/a><\/p>\n<p><img loading=\"lazy\" class=\"alignnone wp-image-612 size-full\" src=\"https:\/\/www.praxis-ahmels-neitzke.de\/wp-content\/uploads\/2013\/08\/Greenpeace_logo-e1417008311182.jpg\" alt=\"Greenpeace_logo\" width=\"200\" height=\"133\" \/><\/p>\n<p><a href=\"http:\/\/wwf.de\" target=\"_blank\" rel=\"noopener\">WWF<\/a><\/p>\n<p><img loading=\"lazy\" class=\"alignnone wp-image-613 size-full\" src=\"https:\/\/www.praxis-ahmels-neitzke.de\/wp-content\/uploads\/2013\/08\/300px-WWF_Logo.svg_-e1417010150157.png\" alt=\"300px-WWF_Logo.svg\" width=\"100\" height=\"148\" \/><\/p>\n","protected":false},"excerpt":{"rendered":"<p>Wir bilden aus. Mit Erfolg. Wir sind stolz auf unsere Auszubildenden. In unserer Praxis legen wir viel Wert auf eine gute Ausbildung. Die Zahn\u00e4rztekammer Niedersachsen hat uns jetzt wieder mit einer Urkunde gratuliert.(PDF Urkunde) Wir unterst\u00fctzen: Stiftung Hilfswerk Deutscher Zahn\u00e4rzte Mit Altgold Gutes tun: Spenden Sie f\u00fcr Zahngesundheit bei den \u00c4rmsten.\u00a0Wir sind Partner der Stiftung [&hellip;]<\/p>\n","protected":false},"author":4,"featured_media":0,"parent":0,"menu_order":3,"comment_status":"closed","ping_status":"closed","template":"","meta":[],"_links":{"self":[{"href":"https:\/\/www.praxis-ahmels-neitzke.de\/index.php?rest_route=\/wp\/v2\/pages\/30"}],"collection":[{"href":"https:\/\/www.praxis-ahmels-neitzke.de\/index.php?rest_route=\/wp\/v2\/pages"}],"about":[{"href":"https:\/\/www.praxis-ahmels-neitzke.de\/index.php?rest_route=\/wp\/v2\/types\/page"}],"author":[{"embeddable":true,"href":"https:\/\/www.praxis-ahmels-neitzke.de\/index.php?rest_route=\/wp\/v2\/users\/4"}],"replies":[{"embeddable":true,"href":"https:\/\/www.praxis-ahmels-neitzke.de\/index.php?rest_route=%2Fwp%2Fv2%2Fcomments&post=30"}],"version-history":[{"count":39,"href":"https:\/\/www.praxis-ahmels-neitzke.de\/index.php?rest_route=\/wp\/v2\/pages\/30\/revisions"}],"predecessor-version":[{"id":1616,"href":"https:\/\/www.praxis-ahmels-neitzke.de\/index.php?rest_route=\/wp\/v2\/pages\/30\/revisions\/1616"}],"wp:attachment":[{"href":"https:\/\/www.praxis-ahmels-neitzke.de\/index.php?rest_route=%2Fwp%2Fv2%2Fmedia&parent=30"}],"curies":[{"name":"wp","href":"https:\/\/api.w.org\/{rel}","templated":true}]}}