{"id":10,"date":"2011-11-22T17:13:23","date_gmt":"2011-11-22T17:13:23","guid":{"rendered":"http:\/\/localhost\/wordpress\/?page_id=10"},"modified":"2024-01-11T11:26:02","modified_gmt":"2024-01-11T09:26:02","slug":"kontakt","status":"publish","type":"page","link":"https:\/\/www.praxis-ahmels-neitzke.de\/?page_id=10","title":{"rendered":"Leistungen"},"content":{"rendered":"<p><img loading=\"lazy\" class=\"alignnone wp-image-367 size-full\" src=\"http:\/\/www.insomnia-film.com\/server\/m-28\/wordpress\/wp-content\/uploads\/2011\/11\/Leistungen1.jpg\" alt=\"\" width=\"1000\" height=\"400\" srcset=\"https:\/\/www.praxis-ahmels-neitzke.de\/wp-content\/uploads\/2011\/11\/Leistungen1.jpg 1000w, https:\/\/www.praxis-ahmels-neitzke.de\/wp-content\/uploads\/2011\/11\/Leistungen1-300x120.jpg 300w, https:\/\/www.praxis-ahmels-neitzke.de\/wp-content\/uploads\/2011\/11\/Leistungen1-624x249.jpg 624w\" sizes=\"(max-width: 1000px) 100vw, 1000px\" \/><\/p>\n<h2>Sorgf\u00e4ltige Diagnose und Beratung<\/h2>\n<p>Eine umfassende, optimale Behandlung will gut geplant sein.\u00a0Kein Fall ist wie ein anderer, deshalb sind wir schon bei der Diagnose sehr sorgf\u00e4ltig.\u00a0Zahn- und Mundbefund, Allgemeinzustand, Biss, bisher verwendete Materialien und vieles mehr k\u00f6nnen \u00fcber verschiedene Behandlungswege entscheiden. Eine ausf\u00fchrliche Beratung ist selbstverst\u00e4ndlich. Gemeinsam mit Ihnen finden wir die beste L\u00f6sung. Individuell, langlebig, kosmetisch ansprechend. Dadurch erreichen wir eine hohe Patientenzufriedenheit.<\/p>\n<h2>Unser Leistungsspektrum<\/h2>\n<ul>\n<li>F\u00fcllungen<\/li>\n<li>Wurzelkanalbehandlung<\/li>\n<li>zahn\u00e4rztliche Chirurgie<\/li>\n<li>Funktionsdiagnostik\/-therapie<\/li>\n<li>Schnarcherschiene<\/li>\n<li>Prophylaxe (Kinder und Erwachsene)<\/li>\n<li>Parodontitisbehandlung\u00a0(antiinfekti\u00f6se und regenerative Therapie, Mikrochirurgie)<\/li>\n<li>\u00c4sthetische Zahnheilkunde\u00a0(Bleaching, Keramikschalen)<\/li>\n<li>Zahnersatz\u00a0(Vollkeramikkronen, Teil- und Vollprothesen, Implantatversorgung)<\/li>\n<li>Kinderzahnheilkunde<\/li>\n<li>Zahnheilkunde 60plus<\/li>\n<\/ul>\n","protected":false},"excerpt":{"rendered":"<p>Sorgf\u00e4ltige Diagnose und Beratung Eine umfassende, optimale Behandlung will gut geplant sein.\u00a0Kein Fall ist wie ein anderer, deshalb sind wir schon bei der Diagnose sehr sorgf\u00e4ltig.\u00a0Zahn- und Mundbefund, Allgemeinzustand, Biss, bisher verwendete Materialien und vieles mehr k\u00f6nnen \u00fcber verschiedene Behandlungswege entscheiden. Eine ausf\u00fchrliche Beratung ist selbstverst\u00e4ndlich. Gemeinsam mit Ihnen finden wir die beste L\u00f6sung. Individuell, [&hellip;]<\/p>\n","protected":false},"author":4,"featured_media":0,"parent":0,"menu_order":2,"comment_status":"closed","ping_status":"closed","template":"","meta":[],"_links":{"self":[{"href":"https:\/\/www.praxis-ahmels-neitzke.de\/index.php?rest_route=\/wp\/v2\/pages\/10"}],"collection":[{"href":"https:\/\/www.praxis-ahmels-neitzke.de\/index.php?rest_route=\/wp\/v2\/pages"}],"about":[{"href":"https:\/\/www.praxis-ahmels-neitzke.de\/index.php?rest_route=\/wp\/v2\/types\/page"}],"author":[{"embeddable":true,"href":"https:\/\/www.praxis-ahmels-neitzke.de\/index.php?rest_route=\/wp\/v2\/users\/4"}],"replies":[{"embeddable":true,"href":"https:\/\/www.praxis-ahmels-neitzke.de\/index.php?rest_route=%2Fwp%2Fv2%2Fcomments&post=10"}],"version-history":[{"count":11,"href":"https:\/\/www.praxis-ahmels-neitzke.de\/index.php?rest_route=\/wp\/v2\/pages\/10\/revisions"}],"predecessor-version":[{"id":1287,"href":"https:\/\/www.praxis-ahmels-neitzke.de\/index.php?rest_route=\/wp\/v2\/pages\/10\/revisions\/1287"}],"wp:attachment":[{"href":"https:\/\/www.praxis-ahmels-neitzke.de\/index.php?rest_route=%2Fwp%2Fv2%2Fmedia&parent=10"}],"curies":[{"name":"wp","href":"https:\/\/api.w.org\/{rel}","templated":true}]}}